{"id":394,"date":"2020-10-30T22:03:50","date_gmt":"2020-10-30T21:03:50","guid":{"rendered":"https:\/\/www.greenarepas.com\/?post_type=product&#038;p=394"},"modified":"2022-12-25T19:59:51","modified_gmt":"2022-12-25T18:59:51","slug":"canoa-de-banane-plantain","status":"publish","type":"product","link":"https:\/\/www.greenarepas.com\/?product=canoa-de-banane-plantain","title":{"rendered":"Canoa de banane plantain"},"content":{"rendered":"<p>Banane plantain ouverte et garni de poulet et cheddar.<\/p>\n<p>Son nom provient de son apparence qui est similaire aux petits bateaux qui remontent les fleuves v\u00e9n\u00e9zu\u00e9liens.<\/p>\n","protected":false},"excerpt":{"rendered":"<p>Banane plantain ouverte et garni de poulet et cheddar. Son nom provient de son apparence qui est similaire aux petits bateaux qui remontent les fleuves v\u00e9n\u00e9zu\u00e9liens.<\/p>\n","protected":false},"featured_media":333,"comment_status":"open","ping_status":"closed","template":"","meta":[],"product_brand":[],"product_cat":[18],"product_tag":[],"class_list":{"0":"post-394","1":"product","2":"type-product","3":"status-publish","4":"has-post-thumbnail","6":"product_cat-nos-plats","8":"first","9":"instock","10":"purchasable","11":"product-type-simple"},"jetpack_sharing_enabled":true,"jetpack_likes_enabled":true,"_links":{"self":[{"href":"https:\/\/www.greenarepas.com\/index.php?rest_route=\/wp\/v2\/product\/394","targetHints":{"allow":["GET"]}}],"collection":[{"href":"https:\/\/www.greenarepas.com\/index.php?rest_route=\/wp\/v2\/product"}],"about":[{"href":"https:\/\/www.greenarepas.com\/index.php?rest_route=\/wp\/v2\/types\/product"}],"replies":[{"embeddable":true,"href":"https:\/\/www.greenarepas.com\/index.php?rest_route=%2Fwp%2Fv2%2Fcomments&post=394"}],"wp:featuredmedia":[{"embeddable":true,"href":"https:\/\/www.greenarepas.com\/index.php?rest_route=\/wp\/v2\/media\/333"}],"wp:attachment":[{"href":"https:\/\/www.greenarepas.com\/index.php?rest_route=%2Fwp%2Fv2%2Fmedia&parent=394"}],"wp:term":[{"taxonomy":"product_brand","embeddable":true,"href":"https:\/\/www.greenarepas.com\/index.php?rest_route=%2Fwp%2Fv2%2Fproduct_brand&post=394"},{"taxonomy":"product_cat","embeddable":true,"href":"https:\/\/www.greenarepas.com\/index.php?rest_route=%2Fwp%2Fv2%2Fproduct_cat&post=394"},{"taxonomy":"product_tag","embeddable":true,"href":"https:\/\/www.greenarepas.com\/index.php?rest_route=%2Fwp%2Fv2%2Fproduct_tag&post=394"}],"curies":[{"name":"wp","href":"https:\/\/api.w.org\/{rel}","templated":true}]}}